actor of 10918 and 5603054.
106
Calculate the greatest common divisor of 16757 and 364.
13
Calculate the highest common factor of 5721527 and 931.
133
Calculate the greatest common factor of 45203 and 29631.
17
Calculate the highest common divisor of 76 and 1029764.
4
What is the highest common divisor of 33936896 and 140?
28
Calculate the highest common factor of 56072415 and 1470.
735
Calculate the highest common divisor of 73926 and 26703.
27
What is the highest common divisor of 18005 and 125385?
65
Calculate the highest common divisor of 61978770 and 210.
210
Calculate the greatest common factor of 2477727004 and 1228.
1228
What is the greatest common factor of 414 and 90038238?
138
What is the greatest common divisor of 42800560 and 1232?
176
Calculate the greatest common factor of 12450 and 19536042.
498
Calculate the greatest common divisor of 153527 and 17908.
11
Calculate the highest common factor of 621 and 825999.
69
Calculate the greatest common factor of 228233292 and 420.
84
Calculate the greatest common divisor of 921186 and 90720.
378
What is the greatest common divisor of 660 and 3149856?
12
Calculate the greatest common divisor of 35835 and 20730.
15
What is the greatest common factor of 5832 and 618232?
8
What is the greatest common divisor of 54312818 and 1554?
518
What is the greatest common factor of 1474 and 12482837?
67
Calculate the highest common divisor of 1494 and 107401419.
747
Calculate the greatest common factor of 190781 and 23179.
1783
Calculate the greatest common factor of 378929824 and 2912.
2912
What is the greatest common divisor of 139347 and 156?
39
What is the greatest common factor of 22028015 and 17995?
305
Calculate the highest common factor of 1623 and 25211141.
541
What is the highest common divisor of 207390 and 1206210?
930
What is the greatest common divisor of 34534578 and 4?
2
What is the highest common factor of 17797641 and 213?
213
What is the highest common factor of 735 and 18302676?
147
What is the highest common divisor of 35598675 and 205?
5
Calculate the highest common factor of 12654278 and 2093.
2093
What is the highest common factor of 2662256 and 52664?
1816
What is the greatest common divisor of 68203 and 191113?
241
What is the highest common factor of 18282480 and 624?
48
What is the greatest common factor of 1944159 and 1161?
129
Calculate the highest common divisor of 252620 and 1199860.
340
Calculate the greatest common divisor of 1312 and 2235156.
164
Calculate the highest common divisor of 1936727 and 4199.
247
What is the greatest common divisor of 17667 and 9152793?
117
Calculate the highest common factor of 20648 and 10760392.
232
What is the greatest common divisor of 2636 and 15502316?
2636
Calculate the greatest common divisor of 18 and 111961542.
6
What is the greatest common divisor of 7729526 and 15202?
1382
Calculate the highest common factor of 231522 and 384366.
282
Calculate the greatest common divisor of 18018 and 20449.
143
What is the highest common divisor of 10880 and 3633155?
85
What is the highest common factor of 11 and 6268229?
11
What is the highest common factor of 85 and 8368369?
17
Calculate the highest common divisor of 4 and 15515036.
4
Calculate the highest common factor of 2294806 and 35526.
62
Calculate the greatest common divisor of 96642 and 800254.
182
What is the highest common factor of 13671776 and 32?
32
Calculate the greatest common factor of 1098108 and 2974818.
3102
Calculate the highest common factor of 18383 and 1086376.
593
What is the greatest common divisor of 13490 and 2991322?
38
What is the highest common divisor of 23525 and 1225?
25
Calculate the highest common divisor of 34374061 and 94.
47
What is the highest common divisor of 354890 and 610?
10
Calculate the highest common divisor of 840 and 2161950.
210
What is the highest common divisor of 2625 and 5593625?
125
Calculate the greatest common divisor of 33 and 360146556.
33
What is the highest common factor of 77377387 and 3147?
1049
Calculate the greatest common divisor of 108 and 303435.
9
Calculate the greatest common divisor of 5208 and 1564416.
168
What is the greatest common divisor of 24 and 3952068?
12
Calculate the highest common divisor of 280579 and 4771.
13
Calculate the greatest common factor of 5232608 and 2222.
202
What is the highest common divisor of 88067 and 126546?
161
What is the greatest common factor of 1406 and 12533768?
38
Calculate the greatest common divisor of 229 and 6744508.
229
Calculate the greatest common divisor of 36575 and 804475.
175
Calculate the highest common divisor of 2256 and 179822.
94
Calculate the greatest common divisor of 448 and 332944976.
112
Calculate the greatest common divisor of 501080926 and 246.
82
What is the highest common divisor of 14940 and 578763648?
2988
Calculate the highest common factor of 5078 and 888043179.
2539
Calculate the greatest common divisor of 53303175 and 42175.
6025
What is the greatest common factor of 531193759 and 2216?
277
What is the greatest common divisor of 485202 and 5018?
386
What is the highest common divisor of 988 and 54100448?
76
Calculate the highest common factor of 22831896 and 128.
8
Calculate the highest common divisor of 23141781 and 1053.
1053
Calculate the highest common divisor of 2604960 and 9380.
1340
What is the greatest common factor of 12493 and 76273392?
403
Calculate the highest common factor of 3692919 and 13197.
249
Calculate the greatest common divisor of 19287661 and 653.
653
What is the greatest common factor of 496566810 and 810?
90
What is the greatest common divisor of 4989430628 and 133?
133
Calculate the greatest common divisor of 3982881 and 3717.
21
What is the greatest common factor of 1794163 and 5593?
119
What is the highest common factor of 73404155 and 46?
23
What is the greatest common divisor of 58 and 73285552?
58
Calculate the greatest common factor of 48470 and 9301393.
4847
What is the highest common factor of 6573 and 3849900?
939
Calculate the greatest common factor of 175 and 5201.
7
Calculate the greatest common divisor of 1408 and 9629796.
44
What is the highest common factor of 22 and 270623012?
22
What is the highest common divisor of 1286704 and 944752?
2192
What is the highest common factor of 43690515 and 25?
5
Calculate the highest common divisor of 7099 and 454740643.
7099
Calculate the highest common factor of 243 and 40937481.
243
Calculate the highest common divisor of 19750 and 78721525.
1975
Calculate the highest common factor of 2477707 and 5608181.
7019
What is the greatest common divisor of 392798 and 1624?
14
Calculate the highest common factor of 154466352 and 972.
972
Calculate the highest common factor of 31755 and 1733385.
1095
What is the highest common divisor of 57109 and 9009767?
299
Calculate the greatest common divisor of 6904193 and 1030.
103
Calculate the highest common divisor of 1948543 and 2252.
563
Calculate the greatest common divisor of 180785 and 140030.
1045
Calculate the highest common factor of 1025440 and 850.
170
What is the highest common factor of 9036533 and 209?
209
Calculate the greatest common factor of 686 and 463652.
14
Calculate the greatest common divisor of 737067874 and 9082.
9082
Calculate the greatest common divisor of 18520 and 1992.
8
Calculate the highest common factor of 12214089 and 1366.
683
Calculate the highest common factor of 19516 and 426258.
238
Calculate the highest common factor of 480 and 1371795.
15
Calculate the greatest common divisor of 188126400 and 105.
105
Calculate the greatest common factor of 16124328 and 495.
99
What is the highest common factor of 204170 and 590?
10
Calculate the highest common divisor of 6839751 and 44432.
2777
What is the greatest common factor of 628653 and 103197?
123
Calculate the greatest common divisor of 209 and 204109609.
209
What is the greatest common divisor of 315 and 131137265?
35
Calculate the highest common factor of 217 and 1910036821.
217
What is the highest common divisor of 315 and 34367942?
7
What is the greatest common factor of 8890593 and 10217?
601
What is the greatest common divisor of 4311581 and 13415?
2683
What is the highest common factor of 49350 and 811034?
14
What is the greatest common factor of 1296